{"id":185,"date":"2023-01-31T11:36:48","date_gmt":"2023-01-31T10:36:48","guid":{"rendered":"https:\/\/igive.no\/partner\/?page_id=185"},"modified":"2023-02-17T11:36:56","modified_gmt":"2023-02-17T10:36:56","slug":"ny-landingsside","status":"publish","type":"page","link":"https:\/\/igive.no\/partner\/ny-landingsside\/","title":{"rendered":"Innhold til landingsside"},"content":{"rendered":"\n<h2 class=\"wp-block-heading\" id=\"h-innmelding-av-innhold-til-landingsside\">Innmelding av innhold til landingsside<\/h2>\n\n\n\n<p class=\"wp-block-paragraph\">Alle partnere som har gavekortbutikk eller gavekortlader gjennom oss, vil f\u00e5 sin egen landingsside p\u00e5 iGive.no.<\/p>\n\n\n\n<p class=\"wp-block-paragraph\">Fyll ut skjemaet nedenfor med innhold til deres landingsside, s\u00e5 f\u00e5r dere et forslag tilbake for godkjenning i l\u00f8pet av et par dager. Se eksempler p\u00e5 <a href=\"https:\/\/igive.no\/gavekort\/\">https:\/\/igive.no\/gavekort\/<\/a> for inspirasjon.<\/p>\n\n\n<script type=\"text\/javascript\">var gform;gform||(document.addEventListener(\"gform_main_scripts_loaded\",function(){gform.scriptsLoaded=!0}),window.addEventListener(\"DOMContentLoaded\",function(){gform.domLoaded=!0}),gform={domLoaded:!1,scriptsLoaded:!1,initializeOnLoaded:function(o){gform.domLoaded&&gform.scriptsLoaded?o():!gform.domLoaded&&gform.scriptsLoaded?window.addEventListener(\"DOMContentLoaded\",o):document.addEventListener(\"gform_main_scripts_loaded\",o)},hooks:{action:{},filter:{}},addAction:function(o,n,r,t){gform.addHook(\"action\",o,n,r,t)},addFilter:function(o,n,r,t){gform.addHook(\"filter\",o,n,r,t)},doAction:function(o){gform.doHook(\"action\",o,arguments)},applyFilters:function(o){return gform.doHook(\"filter\",o,arguments)},removeAction:function(o,n){gform.removeHook(\"action\",o,n)},removeFilter:function(o,n,r){gform.removeHook(\"filter\",o,n,r)},addHook:function(o,n,r,t,i){null==gform.hooks[o][n]&&(gform.hooks[o][n]=[]);var e=gform.hooks[o][n];null==i&&(i=n+\"_\"+e.length),gform.hooks[o][n].push({tag:i,callable:r,priority:t=null==t?10:t})},doHook:function(n,o,r){var t;if(r=Array.prototype.slice.call(r,1),null!=gform.hooks[n][o]&&((o=gform.hooks[n][o]).sort(function(o,n){return o.priority-n.priority}),o.forEach(function(o){\"function\"!=typeof(t=o.callable)&&(t=window[t]),\"action\"==n?t.apply(null,r):r[0]=t.apply(null,r)})),\"filter\"==n)return r[0]},removeHook:function(o,n,t,i){var r;null!=gform.hooks[o][n]&&(r=(r=gform.hooks[o][n]).filter(function(o,n,r){return!!(null!=i&&i!=o.tag||null!=t&&t!=o.priority)}),gform.hooks[o][n]=r)}});<\/script>\n                <div class='gf_browser_gecko gform_wrapper gravity-theme' id='gform_wrapper_2' ><form method='post' enctype='multipart\/form-data'  id='gform_2'  action='\/partner\/wp-json\/wp\/v2\/pages\/185' novalidate>\n                        <div class='gform_body gform-body'><div id='gform_fields_2' class='gform_fields top_label form_sublabel_below description_below'><div id=\"field_2_1\"  class=\"gfield field_sublabel_below field_description_below gfield_visibility_visible\"  data-js-reload=\"field_2_1\"><label class='gfield_label' for='input_2_1' >Visningsnavn<\/label><div class='ginput_container ginput_container_text'><input name='input_1' id='input_2_1' type='text' value='' class='large'  aria-describedby=\"gfield_description_2_1\"    aria-invalid=\"false\"   \/> <\/div><div class='gfield_description' id='gfield_description_2_1'>Inntil 20 tegn inkludert mellomrom<\/div><\/div><div id=\"field_2_3\"  class=\"gfield gfield--width-full field_sublabel_below field_description_below gfield_visibility_visible\"  data-js-reload=\"field_2_3\"><label class='gfield_label' for='input_2_3' >Tittel<\/label><div class='ginput_container ginput_container_text'><input name='input_3' id='input_2_3' type='text' value='' class='large'  aria-describedby=\"gfield_description_2_3\"    aria-invalid=\"false\"   \/> <\/div><div class='gfield_description' id='gfield_description_2_3'>30-50 tegn inkludert mellomrom<\/div><\/div><div id=\"field_2_4\"  class=\"gfield gfield--width-full field_sublabel_below field_description_below gfield_visibility_visible\"  data-js-reload=\"field_2_4\"><label class='gfield_label' for='input_2_4' >Ingress<\/label><div class='ginput_container ginput_container_text'><input name='input_4' id='input_2_4' type='text' value='' class='large'  aria-describedby=\"gfield_description_2_4\"    aria-invalid=\"false\"   \/> <\/div><div class='gfield_description' id='gfield_description_2_4'>Inntil 160 tegn inkludert mellomrom<\/div><\/div><div id=\"field_2_5\"  class=\"gfield gfield--width-full field_sublabel_below field_description_below gfield_visibility_visible\"  data-js-reload=\"field_2_5\"><label class='gfield_label' for='input_2_5' >Overskrift<\/label><div class='ginput_container ginput_container_text'><input name='input_5' id='input_2_5' type='text' value='' class='large'  aria-describedby=\"gfield_description_2_5\"    aria-invalid=\"false\"   \/> <\/div><div class='gfield_description' id='gfield_description_2_5'>30-50 tegn inkludert mellomrom<\/div><\/div><div id=\"field_2_6\"  class=\"gfield gfield--width-full field_sublabel_below field_description_below gfield_visibility_visible\"  data-js-reload=\"field_2_6\"><label class='gfield_label' for='input_2_6' >Beskrivelse<\/label><div class='ginput_container ginput_container_textarea'><textarea name='input_6' id='input_2_6' class='textarea large'  aria-describedby=\"gfield_description_2_6\"    aria-invalid=\"false\"   rows='10' cols='50'><\/textarea><\/div><div class='gfield_description' id='gfield_description_2_6'>800-1200 tegn inkludert mellomrom<\/div><\/div><div id=\"field_2_7\"  class=\"gfield gfield--width-full field_sublabel_below field_description_below gfield_visibility_visible\"  data-js-reload=\"field_2_7\"><label class='gfield_label' for='input_2_7' >Logo (transparent .png fil)<\/label><div class='ginput_container ginput_container_fileupload'><input type='hidden' name='MAX_FILE_SIZE' value='65536000' \/><input name='input_7' id='input_2_7' type='file' class='large' aria-describedby=\"gfield_upload_rules_2_7\" onchange='javascript:gformValidateFileSize( this, 65536000 );'  \/><span class='gform_fileupload_rules' id='gfield_upload_rules_2_7'>Max. file size: 63 MB.<\/span><div class='validation_message validation_message--hidden-on-empty' id='live_validation_message_2_7'><\/div><\/div><\/div><div id=\"field_2_8\"  class=\"gfield gfield--width-full field_sublabel_below field_description_below gfield_visibility_visible\"  data-js-reload=\"field_2_8\"><label class='gfield_label' for='input_2_8' >Hovedbilde (1520&#215;800 px .jpg fil)<\/label><div class='ginput_container ginput_container_fileupload'><input type='hidden' name='MAX_FILE_SIZE' value='65536000' \/><input name='input_8' id='input_2_8' type='file' class='large' aria-describedby=\"gfield_upload_rules_2_8\" onchange='javascript:gformValidateFileSize( this, 65536000 );'  \/><span class='gform_fileupload_rules' id='gfield_upload_rules_2_8'>Max. file size: 63 MB.<\/span><div class='validation_message validation_message--hidden-on-empty' id='live_validation_message_2_8'><\/div><\/div><\/div><div id=\"field_2_9\"  class=\"gfield gfield--width-full field_sublabel_below field_description_below gfield_visibility_visible\"  data-js-reload=\"field_2_9\"><label class='gfield_label' for='input_2_9' >Thumbnail (362&#215;362 px .jpg fil)<\/label><div class='ginput_container ginput_container_fileupload'><input type='hidden' name='MAX_FILE_SIZE' value='65536000' \/><input name='input_9' id='input_2_9' type='file' class='large' aria-describedby=\"gfield_upload_rules_2_9\" onchange='javascript:gformValidateFileSize( this, 65536000 );'  \/><span class='gform_fileupload_rules' id='gfield_upload_rules_2_9'>Max. file size: 63 MB.<\/span><div class='validation_message validation_message--hidden-on-empty' id='live_validation_message_2_9'><\/div><\/div><\/div><fieldset id=\"field_2_10\"  class=\"gfield gfield--width-full gfield_contains_required field_sublabel_below field_description_below gfield_visibility_visible\"  data-js-reload=\"field_2_10\"><legend class='gfield_label gfield_label_before_complex'  >Uten navn<span class=\"gfield_required\"><span class=\"gfield_required gfield_required_text\">(P\u00e5krevd)<\/span><\/span><\/legend><div class='ginput_container ginput_container_checkbox'><div class='gfield_checkbox' id='input_2_10'><div class='gchoice gchoice_2_10_1'>\n\t\t\t\t\t\t\t\t<input class='gfield-choice-input' name='input_10.1' type='checkbox'  value='Jeg godtar at informasjon som fylles ut i skjema behandles iht v\u00e5r personvernerkl\u00e6ring'  id='choice_2_10_1'   \/>\n\t\t\t\t\t\t\t\t<label for='choice_2_10_1' id='label_2_10_1'>Jeg godtar at informasjon som fylles ut i skjema behandles iht v\u00e5r personvernerkl\u00e6ring<\/label>\n\t\t\t\t\t\t\t<\/div><\/div><\/div><\/fieldset><div id=\"field_2_11\"  class=\"gfield gform_validation_container field_sublabel_below field_description_below gfield_visibility_visible\"  data-js-reload=\"field_2_11\"><label class='gfield_label' for='input_2_11' >Comments<\/label><div class='ginput_container'><input name='input_11' id='input_2_11' type='text' value='' autocomplete='new-password'\/><\/div><div class='gfield_description' id='gfield_description_2_11'>Dette feltet er for valideringsform\u00e5l og skal st\u00e5 uendret.<\/div><\/div><\/div><\/div>\n        <div class='gform_footer top_label'> <input type='submit' id='gform_submit_button_2' class='gform_button button' value='Send inn'  onclick='if(window[\"gf_submitting_2\"]){return false;}  if( !jQuery(\"#gform_2\")[0].checkValidity || jQuery(\"#gform_2\")[0].checkValidity()){window[\"gf_submitting_2\"]=true;}  ' onkeypress='if( event.keyCode == 13 ){ if(window[\"gf_submitting_2\"]){return false;} if( !jQuery(\"#gform_2\")[0].checkValidity || jQuery(\"#gform_2\")[0].checkValidity()){window[\"gf_submitting_2\"]=true;}  jQuery(\"#gform_2\").trigger(\"submit\",[true]); }' \/> \n            <input type='hidden' class='gform_hidden' name='is_submit_2' value='1' \/>\n            <input type='hidden' class='gform_hidden' name='gform_submit' value='2' \/>\n            \n            <input type='hidden' class='gform_hidden' name='gform_unique_id' value='' \/>\n            <input type='hidden' class='gform_hidden' name='state_2' value='WyJbXSIsImNjOWQ2NmZjOWZiYTJiY2YwN2E0ZWYyODk1MWZkMDBjIl0=' \/>\n            <input type='hidden' class='gform_hidden' name='gform_target_page_number_2' id='gform_target_page_number_2' value='0' \/>\n            <input type='hidden' class='gform_hidden' name='gform_source_page_number_2' id='gform_source_page_number_2' value='1' \/>\n            <input type='hidden' name='gform_field_values' value='' \/>\n            \n        <\/div>\n                        <\/form>\n                        <\/div>","protected":false},"excerpt":{"rendered":"<p>Innmelding av innhold til landingsside Alle partnere som har gavekortbutikk eller gavekortlader gjennom oss, vil f\u00e5 sin egen landingsside p\u00e5 iGive.no. Fyll ut skjemaet nedenfor med innhold til deres landingsside, s\u00e5 f\u00e5r dere et forslag tilbake for godkjenning i l\u00f8pet av et par dager. Se eksempler p\u00e5 https:\/\/igive.no\/gavekort\/ for inspirasjon.<\/p>\n","protected":false},"author":3,"featured_media":0,"parent":0,"menu_order":0,"comment_status":"closed","ping_status":"closed","template":"","meta":{"igive_hide_title":true},"yoast_head":"<!-- This site is optimized with the Yoast SEO Premium plugin v19.3 (Yoast SEO v19.14) - https:\/\/yoast.com\/wordpress\/plugins\/seo\/ -->\n<title>Innhold til landingsside - iGive Partnerportal<\/title>\n<meta name=\"robots\" content=\"index, follow, max-snippet:-1, max-image-preview:large, max-video-preview:-1\" \/>\n<link rel=\"canonical\" href=\"https:\/\/igive.no\/partner\/ny-landingsside\/\" \/>\n<meta property=\"og:locale\" content=\"nb_NO\" \/>\n<meta property=\"og:type\" content=\"article\" \/>\n<meta property=\"og:title\" content=\"Innhold til landingsside\" \/>\n<meta property=\"og:description\" content=\"Innmelding av innhold til landingsside Alle partnere som har gavekortbutikk eller gavekortlader gjennom oss, vil f\u00e5 sin egen landingsside p\u00e5 iGive.no. Fyll ut skjemaet nedenfor med innhold til deres landingsside, s\u00e5 f\u00e5r dere et forslag tilbake for godkjenning i l\u00f8pet av et par dager. Se eksempler p\u00e5 https:\/\/igive.no\/gavekort\/ for inspirasjon.\" \/>\n<meta property=\"og:url\" content=\"https:\/\/igive.no\/partner\/ny-landingsside\/\" \/>\n<meta property=\"og:site_name\" content=\"iGive Partnerportal\" \/>\n<meta property=\"article:modified_time\" content=\"2023-02-17T10:36:56+00:00\" \/>\n<meta name=\"twitter:card\" content=\"summary_large_image\" \/>\n<meta name=\"twitter:label1\" content=\"Ansl. lesetid\" \/>\n\t<meta name=\"twitter:data1\" content=\"1 minutt\" \/>\n<script type=\"application\/ld+json\" class=\"yoast-schema-graph\">{\"@context\":\"https:\/\/schema.org\",\"@graph\":[{\"@type\":\"WebPage\",\"@id\":\"https:\/\/igive.no\/partner\/ny-landingsside\/\",\"url\":\"https:\/\/igive.no\/partner\/ny-landingsside\/\",\"name\":\"Innhold til landingsside - iGive Partnerportal\",\"isPartOf\":{\"@id\":\"https:\/\/igive.no\/partner\/#website\"},\"datePublished\":\"2023-01-31T10:36:48+00:00\",\"dateModified\":\"2023-02-17T10:36:56+00:00\",\"breadcrumb\":{\"@id\":\"https:\/\/igive.no\/partner\/ny-landingsside\/#breadcrumb\"},\"inLanguage\":\"nb-NO\",\"potentialAction\":[{\"@type\":\"ReadAction\",\"target\":[\"https:\/\/igive.no\/partner\/ny-landingsside\/\"]}]},{\"@type\":\"BreadcrumbList\",\"@id\":\"https:\/\/igive.no\/partner\/ny-landingsside\/#breadcrumb\",\"itemListElement\":[{\"@type\":\"ListItem\",\"position\":1,\"name\":\"Hjem\",\"item\":\"https:\/\/igive.no\/partner\/\"},{\"@type\":\"ListItem\",\"position\":2,\"name\":\"Innhold til landingsside\"}]},{\"@type\":\"WebSite\",\"@id\":\"https:\/\/igive.no\/partner\/#website\",\"url\":\"https:\/\/igive.no\/partner\/\",\"name\":\"iGive Partnerportal\",\"description\":\"\",\"potentialAction\":[{\"@type\":\"SearchAction\",\"target\":{\"@type\":\"EntryPoint\",\"urlTemplate\":\"https:\/\/igive.no\/partner\/?s={search_term_string}\"},\"query-input\":\"required name=search_term_string\"}],\"inLanguage\":\"nb-NO\"}]}<\/script>\n<!-- \/ Yoast SEO Premium plugin. -->","yoast_head_json":{"title":"Innhold til landingsside - iGive Partnerportal","robots":{"index":"index","follow":"follow","max-snippet":"max-snippet:-1","max-image-preview":"max-image-preview:large","max-video-preview":"max-video-preview:-1"},"canonical":"https:\/\/igive.no\/partner\/ny-landingsside\/","og_locale":"nb_NO","og_type":"article","og_title":"Innhold til landingsside","og_description":"Innmelding av innhold til landingsside Alle partnere som har gavekortbutikk eller gavekortlader gjennom oss, vil f\u00e5 sin egen landingsside p\u00e5 iGive.no. Fyll ut skjemaet nedenfor med innhold til deres landingsside, s\u00e5 f\u00e5r dere et forslag tilbake for godkjenning i l\u00f8pet av et par dager. Se eksempler p\u00e5 https:\/\/igive.no\/gavekort\/ for inspirasjon.","og_url":"https:\/\/igive.no\/partner\/ny-landingsside\/","og_site_name":"iGive Partnerportal","article_modified_time":"2023-02-17T10:36:56+00:00","twitter_card":"summary_large_image","twitter_misc":{"Ansl. lesetid":"1 minutt"},"schema":{"@context":"https:\/\/schema.org","@graph":[{"@type":"WebPage","@id":"https:\/\/igive.no\/partner\/ny-landingsside\/","url":"https:\/\/igive.no\/partner\/ny-landingsside\/","name":"Innhold til landingsside - iGive Partnerportal","isPartOf":{"@id":"https:\/\/igive.no\/partner\/#website"},"datePublished":"2023-01-31T10:36:48+00:00","dateModified":"2023-02-17T10:36:56+00:00","breadcrumb":{"@id":"https:\/\/igive.no\/partner\/ny-landingsside\/#breadcrumb"},"inLanguage":"nb-NO","potentialAction":[{"@type":"ReadAction","target":["https:\/\/igive.no\/partner\/ny-landingsside\/"]}]},{"@type":"BreadcrumbList","@id":"https:\/\/igive.no\/partner\/ny-landingsside\/#breadcrumb","itemListElement":[{"@type":"ListItem","position":1,"name":"Hjem","item":"https:\/\/igive.no\/partner\/"},{"@type":"ListItem","position":2,"name":"Innhold til landingsside"}]},{"@type":"WebSite","@id":"https:\/\/igive.no\/partner\/#website","url":"https:\/\/igive.no\/partner\/","name":"iGive Partnerportal","description":"","potentialAction":[{"@type":"SearchAction","target":{"@type":"EntryPoint","urlTemplate":"https:\/\/igive.no\/partner\/?s={search_term_string}"},"query-input":"required name=search_term_string"}],"inLanguage":"nb-NO"}]}},"_links":{"self":[{"href":"https:\/\/igive.no\/partner\/wp-json\/wp\/v2\/pages\/185"}],"collection":[{"href":"https:\/\/igive.no\/partner\/wp-json\/wp\/v2\/pages"}],"about":[{"href":"https:\/\/igive.no\/partner\/wp-json\/wp\/v2\/types\/page"}],"author":[{"embeddable":true,"href":"https:\/\/igive.no\/partner\/wp-json\/wp\/v2\/users\/3"}],"replies":[{"embeddable":true,"href":"https:\/\/igive.no\/partner\/wp-json\/wp\/v2\/comments?post=185"}],"version-history":[{"count":5,"href":"https:\/\/igive.no\/partner\/wp-json\/wp\/v2\/pages\/185\/revisions"}],"predecessor-version":[{"id":270,"href":"https:\/\/igive.no\/partner\/wp-json\/wp\/v2\/pages\/185\/revisions\/270"}],"wp:attachment":[{"href":"https:\/\/igive.no\/partner\/wp-json\/wp\/v2\/media?parent=185"}],"curies":[{"name":"wp","href":"https:\/\/api.w.org\/{rel}","templated":true}]}}